 to base 12
-613
What is -c076 (base 14) in base 4?
-20010020
Convert -1132 (base 5) to base 7.
-326
Convert 34741 (base 8) to base 3.
202022210
24129 (base 11) to base 4
20133012
-1943 (base 14) to base 7
-16213
Convert -dbd (base 14) to base 10.
-2715
-3278 (base 12) to base 15
-19ae
Convert -4313 (base 12) to base 13.
-3471
What is eb (base 16) in base 3?
22201
-727 (base 9) to base 3
-210221
-340434 (base 5) to base 10
-11994
What is -197 (base 14) in base 11?
-27a
What is 338 (base 13) in base 2?
1000101010
What is -101113 (base 6) in base 10?
-8037
What is -12012122 (base 4) in base 13?
-b4b0
What is -1163 (base 11) in base 3?
-2002100
323102 (base 6) to base 2
110011111101110
Convert -21341 (base 7) to base 6.
-40345
Convert 4a0 (base 12) to base 8.
1270
Convert -25751 (base 9) to base 6.
-212244
-311 (base 5) to base 15
-56
-c7 (base 14) to base 9
-214
Convert 8435 (base 11) to base 8.
25642
-515 (base 8) to base 10
-333
What is -11111101000 (base 2) in base 14?
-a48
Convert -12121112 (base 3) to base 15.
-132b
What is 258 (base 11) in base 13?
1a6
2110 (base 6) to base 5
3344
What is 2240 (base 9) in base 12?
b60
Convert 319 (base 13) to base 15.
254
Convert 666 (base 7) to base 10.
342
What is 1309 (base 12) in base 9?
2870
Convert 102021 (base 3) to base 5.
2204
Convert -100001110101110 (base 2) to base 11.
-12021
Convert -304212 (base 5) to base 8.
-23314
What is -1100111011 (base 2) in base 3?
-1010122
What is 1e15 (base 16) in base 5?
221301
What is -adc (base 16) in base 8?
-5334
What is -22106 (base 10) in base 13?
-a0a6
141 (base 11) to base 16
a6
-1818 (base 9) to base 11
-1058
1e01 (base 16) to base 4
1320001
22db (base 15) to base 13
34a9
What is 188dc (base 14) in base 13?
22383
Convert 307 (base 8) to base 5.
1244
Convert -254b (base 12) to base 6.
-31335
2d38 (base 15) to base 16
2600
Convert 443 (base 9) to base 3.
111110
1a1 (base 15) to base 7
1045
What is -2021200001 (base 3) in base 9?
-67601
3043 (base 5) to base 11
332
What is 11220 (base 3) in base 2?
10000100
Convert 9253 (base 12) to base 9.
23730
What is 1c41 (base 16) in base 12?
4229
Convert d1 (base 15) to base 8.
304
-3431 (base 9) to base 12
-1577
Convert 394 (base 10) to base 9.
477
What is 330002 (base 5) in base 8?
25764
Convert 171 (base 9) to base 3.
12101
12b21 (base 12) to base 7
135136
What is -110001 (base 2) in base 12?
-41
Convert -132356 (base 7) to base 2.
-110000100110100
What is 100000000 (base 2) in base 11?
213
Convert -2622 (base 10) to base 12.
-1626
57b (base 14) to base 6
5013
Convert -45663 (base 7) to base 8.
-26612
Convert 3103 (base 12) to base 10.
5331
What is 211 (base 5) in base 16?
38
Convert -151c (base 14) to base 16.
-ea6
Convert c6 (base 15) to base 13.
114
What is 860 (base 10) in base 2?
1101011100
What is 23327 (base 10) in base 8?
55437
What is 10102122002 (base 3) in base 8?
203711
-b4 (base 14) to base 11
-134
What is -10001110000 (base 2) in base 15?
-50b
1111011110 (base 2) to base 15
460
What is -1b91 (base 14) in base 13?
-2399
What is -30980 (base 10) in base 8?
-74404
Convert -313134 (base 5) to base 11.
-7912
10110111011 (base 2) to base 7
4164
Convert -2001103 (base 4) to base 13.
-39c7
What is -1771 (base 9) in base 10?
-1360
What is 1410 (base 6) in base 15?
196
Convert -2a7 (base 15) to base 8.
-1137
What is 3eaf (base 16) in base 15?
4b4c
What is -31d (base 14) in base 3?
-211210
What is cd3 (base 14) in base 15?
b42
-262 (base 12) to base 10
-362
-11b (base 13) to base 16
-c1
Convert 8241 (base 9) to base 5.
143111
Convert -5d6 (base 16) to base 7.
-4233
Convert 230 (base 5) to base 12.
55
What is -ac2 (base 13) in base 14?
-960
What is 111100100010 (base 2) in base 15?
1234
-115c (base 13) to base 3
-10100111
Convert 793 (base 16) to base 2.
11110010011
What is 53a8 (base 13) in base 9?
16852
What is -303 (base 9) in base 12?
-186
Convert 1d89 (base 16) to base 11.
5754
Convert 2140 (base 11) to base 4.
230023
Convert 145f (base 16) to base 9.
7134
5 (base 10) to base 15
5
What is -735 (base 8) in base 11?
-3a4
What is -129 (base 10) in base 6?
-333
Convert -6043 (base 8) to base 6.
-22215
-1020 (base 3) to base 12
-29
What is 3202203 (base 4) in base 2?
11100010100011
-2fc5 (base 16) to base 14
-4657
-ba69 (base 13) to base 12
-13020
Convert -44a (base 13) to base 7.
-2103
-1001101 (base 2) to base 10
-77
What is 2539 (base 14) in base 9?
8843
Convert 330 (base 5) to base 7.
156
Convert 19ad (base 14) to base 4.
1020311
12002000 (base 3) to base 14
14c3
What is 1aa (base 16) in base 3?
120210
What is -8411 (base 10) in base 4?
-2003123
What is -3203132 (base 4) in base 11?
-aa35
-1146 (base 9) to base 11
-705
Convert -1300 (base 7) to base 2.
-111101010
What is -2238 (base 10) in base 5?
-32423
Convert -1470 (base 14) to base 8.
-7052
Convert 2076 (base 11) to base 10.
2745
12553 (base 8) to base 7
21662
5269 (base 11) to base 10
6972
31135 (base 6) to base 11
3145
What is 2111 (base 6) in base 10?
475
-3656 (base 9) to base 14
-dc8
Convert 894 (base 11) to base 8.
2057
Convert -11100010111001 (base 2) to base 11.
-aa01
Convert -20b3 (base 16) to base 14.
-309d
Convert -11220020 (base 3) to base 11.
-2756
Convert 3431 (base 14) to base 10.
9059
What is 3541 (base 6) in base 2?
1101010101
Convert -1220011 (base 4) to base 6.
-50501
Convert 21 (base 9) to base 3.
201
What is 342402 (base 5) in base 15?
3952
Convert -11433 (base 5) to base 11.
-71a
Convert -34255 (base 6) to base 3.
-20122222
190 (base 13) to base 11
240
Convert -1100011101 (base 2) to base 16.
-31d
-1106 (base 10) to base 6
-5042
-3c8 (base 15) to base 7
-2342
Convert -30101002 (base 4) to base 3.
-2112220211
Convert -324 (base 16) to base 7.
-2226
Convert -540 (base 8) to base 11.
-2a0
Convert -13321121 (base 4) to base 15.
-98b5
3654 (base 9) to base 15
c17
What is -197b5 (base 15) in base 6?
-1435025
Convert -42 (base 12) to base 15.
-35
-831 (base 9) to base 12
-484
What is -31103 (base 4) in base 11?
-704
123131 (base 4) to base 8
3335
-102 (base 5) to base 14
-1d
Convert -20402 (base 5) to base 3.
-1212002
Convert -61 (base 10) to base 5.
-221
-1c5 (base 16) to base 9
-553
Convert 177 (base 14) to base 10.
301
What is -1302020 (base 6) in base 7?
-412221
What is -22ab8 (base 14) in base 15?
-1a047
Convert 42 (base 11) to base 14.
34
What is -2ba (base 15) in base 7?
-1552
3a2 (base 12) to base 11
464
What is -c81 (base 13) in base 15?
-973
What is -55 (base 14) in base 15?
-50
-535 (base 11) to base 8
-1203
What is -12865 (base 13) in base 14?
-c766
What is -2338 (base 11) in base 6?
-22110
Convert 55a6 (base 11) to base 15.
22bb
17f9 (base 16) to base 8
13771
Convert 332 (base 11) to base 12.
292
Convert -61232 (base 7) to base 13.
-69cb
Convert -1497 (base 10) to base 13.
-8b2
Convert 1152 (base 8) to base 6.
2510
Convert -1206 (base 12) to base 14.
-a46
1000011000101 (base 2) to base 12
2599
-4121 (base 10) to base 11
-3107
What is 323301 (base 4) in base 9?
5220
-c067 (base 15) to base 12
-1b5b1
-78288 (base 9) to base 13
-1a891
-100100000110 (base 2) to base 15
-a40
Convert -550 (base 11) to base 8.
-1224
-134554 (base 7) to base 11
-18313
210202 (base 3) to base 4
21023
32103 (base 4) to base 14
495
-2d4 (base 15) to base 14
-345
What is -1000101011001 (base 2) in base 3?
-20002111
-1404 (base 8) to base 7
-2152
14141 (base 6) to base 14
b49
Convert -7098 (base 13) to base 6.
-155440
Convert -889 (base 13) to base 6.
-10441
What is -110101111 (base 2) in base 15?
-1db
Convert 1ca (base 14) to base 5.
2444
Convert 7d2 (base 15) to base 5.
24042
Convert 3c9 (base 15) to base 4.
31200
12202010 (base 3) to base 11
3168
What is 1200010012 (base 3) in base 10?
32891
What is 11445 (base 7) in base 2?
101110011101
What is -24023 (base 5) in base 4?
-123203
-7261 (base 9) to base 12
-30b4
What is 2561 (base 8) in base 4?
111301
-10333133 (base 4) to base 9
-31038
11001110111 (base 2) to base 12
b5b
110100221 (base 3) to base 16
2338
Convert -2000120 (base 3) to base 9.
-2016
What is 85 (base 14) in base 2?
1110101
What is 257 (base 11) in base 7?
613
-d17b (base 14) to base 4
-20302021
What is 46226 (base 10) in base 11?
31804
What is 1101102211 (base 3) in base 5?
1333132
Convert -5232 (base 6) to base 5.
-14142
What is 10011011